mber?
True
Is 403204853 prime?
True
Is 4434526507 a composite number?
True
Is 165723559 a composite number?
False
Is 19992106661 composite?
False
Is 422501953 composite?
True
Is 19082970413 a composite number?
True
Is 43063274381 a prime number?
False
Is 954056729 composite?
True
Is 2478157373 prime?
False
Is 13153103791 a composite number?
False
Is 22514392883 a prime number?
False
Is 524772919 a prime number?
False
Is 614657161 a prime number?
True
Is 3459793537 a composite number?
True
Is 3707477927 composite?
True
Is 17555446411 prime?
True
Is 222235973459 prime?
False
Is 7317368129 a prime number?
True
Is 11891351 prime?
False
Is 889784593 prime?
False
Is 6619264511 prime?
False
Is 20302831979 prime?
False
Is 224998835 composite?
True
Is 22129362193 a composite number?
False
Is 3416330195 a composite number?
True
Is 120797686 a prime number?
False
Is 322994593 a prime number?
True
Is 634989499 composite?
False
Is 1375139419 composite?
True
Is 228109603 prime?
False
Is 1987722787 a composite number?
False
Is 18221754773 composite?
False
Is 820998011 prime?
False
Is 1931828449 prime?
False
Is 3166004971 composite?
True
Is 370385567 composite?
False
Is 129438929 a prime number?
True
Is 5138704973 a composite number?
True
Is 12936836701 prime?
False
Is 18815220707 prime?
True
Is 1611661439 composite?
False
Is 3538442117 composite?
True
Is 103903339 composite?
True
Is 2089852789 prime?
False
Is 6317958497 a prime number?
True
Is 5107400657 a composite number?
False
Is 30697311947 a prime number?
True
Is 2792737523 prime?
True
Is 750954983 a prime number?
True
Is 483296857 prime?
True
Is 1399867991 composite?
False
Is 257413937 prime?
False
Is 33741251 a composite number?
False
Is 24807526687 prime?
True
Is 3834824699 a composite number?
True
Is 1645516421 a prime number?
False
Is 332371594 prime?
False
Is 320973343 composite?
False
Is 65117855305 a prime number?
False
Is 835464037 prime?
True
Is 40997669813 a prime number?
True
Is 1762989013 composite?
True
Is 31231452286 prime?
False
Is 1229215387 a composite number?
False
Is 2849512111 prime?
False
Is 2168780923 prime?
True
Is 230646547 a composite number?
False
Is 3155737687 a prime number?
True
Is 1705264783 prime?
False
Is 32628963427 composite?
True
Is 5560238303 composite?
False
Is 1436862421 prime?
True
Is 1463662007 prime?
False
Is 5421565421 a prime number?
False
Is 822296903 a prime number?
True
Is 31884887423 a prime number?
True
Is 27675474491 composite?
True
Is 2122562581 a composite number?
False
Is 97559508418 prime?
False
Is 13862421427 prime?
True
Is 13520803591 prime?
True
Is 1068361997 prime?
False
Is 44744033 composite?
False
Is 5193264067 composite?
False
Is 31882193869 composite?
False
Is 19938965029 prime?
False
Is 37566244397 prime?
False
Is 2853345329 composite?
False
Is 14262238 prime?
False
Is 328325651 a prime number?
True
Is 50484673523 a composite number?
False
Is 144873793 a composite number?
False
Is 327914231 a composite number?
False
Is 422766199 composite?
True
Is 30669215879 composite?
False
Is 23106431129 prime?
True
Is 18416849 a prime number?
False
Is 1050237043 a composite number?
True
Is 46940521 prime?
False
Is 199932873443 prime?
False
Is 31151506301 composite?
True
Is 15085057055 a prime number?
False
Is 111582619 prime?
True
Is 24565089121 a prime number?
False
Is 29538480901 prime?
True
Is 15346003091 a prime number?
True
Is 81054539 prime?
False
Is 204569293 prime?
False
Is 17552402081 prime?
True
Is 3170639893 a prime number?
False
Is 7925699339 prime?
False
Is 3909337661 a prime number?
True
Is 57563557427 composite?
True
Is 158076547 composite?
True
Is 713139487 composite?
True
Is 500872202 composite?
True
Is 28077012935 composite?
True
Is 59197942067 a prime number?
False
Is 11647295683 a composite number?
False
Is 2500302451 composite?
False
Is 14569893907 composite?
False
Is 3430726297 composite?
True
Is 15474909731 a prime number?
True
Is 3713741401 a composite number?
True
Is 4666025881 a composite number?
True
Is 561788347 composite?
False
Is 228478639 composite?
True
Is 3773895721 a prime number?
True
Is 52136391211 a prime number?
True
Is 795232331 prime?
False
Is 6220505951 prime?
False
Is 8528179631 composite?
False
Is 717713287 composite?
True
Is 211102907 a composite number?
False
Is 939983591 a prime number?
True
Is 1395831719 prime?
True
Is 12534947377 a prime number?
True
Is 1649766857 composite?
False
Is 9042604863 a prime number?
False
Is 14454576797 composite?
False
Is 218784029 composite?
False
Is 3836784319 composite?
True
Is 214362619 prime?
False
Is 32804719 a composite number?
True
Is 3261033163 composite?
True
Is 78417947 prime?
True
Is 1563662147 a composite number?
True
Is 191978669 a composite number?
False
Is 101751760255 a composite number?
True
Is 2314069423 a prime number?
True
Is 689713841 a composite number?
True
Is 1274960813 a composite number?
True
Is 16570061009 a composite number?
False
Is 11488422821 prime?
True
Is 2577085963 a composite number?
False
Is 738506933 composite?
False
Is 72800457947 prime?
False
Is 4149042869 composite?
False
Is 68341033 a composite number?
True
Is 75666359 a composite number?
False
Is 1506198478 prime?
False
Is 58424383 prime?
True
Is 20873468155 a composite number?
True
Is 228707363 a prime number?
True
Is 11372956135 prime?
False
Is 141829 composite?
False
Is 5211857631 a prime number?
False
Is 438395741 a prime number?
False
Is 1592129563 a composite number?
False
Is 178471963 composite?
False
Is 549399553 a composite number?
True
Is 16630474169 prime?
True
Is 20830377229 prime?
False
Is 328542317 a composite number?
True
Is 5049238567 composite?
False
Is 60338129245 a composite number?
True
Is 1075332239 prime?
True
Is 18358997149 prime?
False
Is 443860057 a composite number?
True
Is 14501475841 composite?
False
Is 861919997 composite?
True
Is 6487534535 prime?
False
Is 165785256785 a prime number?
False
Is 37779250567 composite?
True
Is 2854771141 a prime number?
False
Is 459474383 a composite number?
False
Is 3603032333 a composite number?
True
Is 13396602281 prime?
False
Is 98026937453 composite?
False
Is 1255280883 composite?
True
Is 62810772127 composite?
False
Is 1448792209 a composite number?
False
Is 1743959359 prime?
True
Is 404664083 composite?
True
Is 11045503459 a composite number?
True
Is 19045223557 a prime number?
False
Is 11646283141 a prime number?
True
Is 1692339127 a composite number?
True
Is 292501562 composite?
True
Is 110710646929 prime?
True
Is 357289607 composite?
False
Is 7805693281 a composite number?
False
Is 22021742 a prime number?
False
Is 6747819109 prime?
True
Is 18522828161 prime?
True
Is 112684639 a prime number?
False
Is 27539511497 a prime number?
True
Is 875880323 prime?
True
Is 1127874317 a composite number?
False
Is 2766873931 prime?
True
Is 11875204879 a composite number?
False
Is 9634996589 a composite number?
False
Is 629750843 a composite number?
False
Is 128815319 a composite number?
False
Is 984459961 composite?
True
Is 12119645753 prime?
False
Is 117918933713 a composite number?
True
Is 31525534577 composite?
False
Is 9697470113 composite?
False
Is 7858167035 a prime number?
False
Is 311997013 prime?
True
Is 326246451 composite?
True
Is 1384632259 prime?
False
Is 968420579 a prime number?
False
Is 29716338007 prime?
True
Is 822770633 composite?
True
Is 722488919 a prime number?
False
Is 3712364083 a composite number?
False
Is 2113991137 a composite number?
False
Is 40983167453 composite?
False
Is 14833164046 prime?
False
Is 652822643 a prime number?
False
Is 164467892989 composite?
True
Is 750513137 a composite number?
True
Is 675403787 prime?
True
Is 15891395501 a prime number?
True
Is 75990283 a composite number?
False
Is 2585578537 prime?
False
Is 58776988139 prime?
False
Is 5688647687 a composite number?
False
Is 122903401 a composite number?
True
Is 6026428013 prime?
False
Is 9326129 a composite number?
True
Is 4239140903 prime?
True
Is 94179053 a composite number?
True
Is 12723198067 composite?
False
Is 2373613871 prime?
False
Is 13335741791 prime?
True
Is 594797557 prime?
False
Is 2029444647 a prime number?
False
Is 96276407 composite?
False
Is 1013484217 a composite number?
True
Is 3734213993 prime?
True
Is 20459